 factors of 143428?
2, 23, 1559
List the prime factors of 1004086.
2, 502043
What are the prime factors of 100017?
3, 11113
What are the prime factors of 8581438?
2, 23, 8111
List the prime factors of 561506.
2, 11, 25523
What are the prime factors of 28420624?
2, 1776289
List the prime factors of 13922756.
2, 127, 27407
List the prime factors of 484976.
2, 17, 1783
List the prime factors of 9207.
3, 11, 31
List the prime factors of 266888.
2, 73, 457
List the prime factors of 137295.
3, 5, 113
What are the prime factors of 1849175?
5, 17, 19, 229
List the prime factors of 3159392.
2, 98731
What are the prime factors of 256712?
2, 32089
List the prime factors of 1802020.
2, 5, 11, 8191
List the prime factors of 12699420.
2, 3, 5, 211657
What are the prime factors of 11477091?
3, 17, 139, 1619
What are the prime factors of 1516173?
3, 47, 10753
List the prime factors of 22884.
2, 3, 1907
What are the prime factors of 2636762?
2, 151, 8731
List the prime factors of 5596.
2, 1399
What are the prime factors of 177953?
177953
List the prime factors of 28098.
2, 3, 7, 223
What are the prime factors of 1467810?
2, 3, 5, 47, 347
List the prime factors of 25906832.
2, 7, 23, 89, 113
List the prime factors of 220132.
2, 11, 5003
What are the prime factors of 205017?
3, 37, 1847
List the prime factors of 337609.
337609
What are the prime factors of 236142?
2, 3, 4373
What are the prime factors of 257806?
2, 128903
List the prime factors of 1008384.
2, 3, 13, 101
List the prime factors of 3214324.
2, 89, 9029
List the prime factors of 672205.
5, 233, 577
List the prime factors of 6912420.
2, 3, 5, 23, 5009
List the prime factors of 5462463.
3, 1820821
List the prime factors of 621574.
2, 167, 1861
List the prime factors of 668316.
2, 3, 11, 61, 83
List the prime factors of 146234.
2, 11, 17, 23
List the prime factors of 1077894.
2, 3, 19961
What are the prime factors of 2633811?
3, 877937
List the prime factors of 6990713.
67, 103, 1013
List the prime factors of 3404584.
2, 79, 5387
List the prime factors of 2450401.
827, 2963
List the prime factors of 235068.
2, 3, 19, 1031
List the prime factors of 331561.
131, 2531
List the prime factors of 908138.
2, 7, 11, 5897
List the prime factors of 1270496.
2, 39703
List the prime factors of 1335193.
43, 31051
List the prime factors of 814359.
3, 7, 13, 19, 157
List the prime factors of 7832025.
3, 5, 41, 283
List the prime factors of 2680687.
37, 53, 1367
List the prime factors of 147370.
2, 5, 14737
What are the prime factors of 2077120?
2, 5, 6491
What are the prime factors of 2230240?
2, 5, 53, 263
List the prime factors of 14813498.
2, 7, 1058107
What are the prime factors of 261335?
5, 52267
List the prime factors of 2753810.
2, 5, 113, 2437
What are the prime factors of 788835?
3, 5, 43, 1223
List the prime factors of 12161501.
11, 19, 58189
List the prime factors of 1941478.
2, 7, 11, 1801
What are the prime factors of 11162060?
2, 5, 7, 13, 6133
List the prime factors of 238175.
5, 7, 1361
List the prime factors of 3147884.
2, 786971
List the prime factors of 6570236.
2, 1642559
What are the prime factors of 13806?
2, 3, 13, 59
List the prime factors of 2340635.
5, 11, 42557
List the prime factors of 223106.
2, 13, 8581
What are the prime factors of 8836546?
2, 4418273
List the prime factors of 54412.
2, 61, 223
List the prime factors of 72257.
19, 3803
What are the prime factors of 10632427?
13, 347, 2357
What are the prime factors of 1599862?
2, 11, 601
List the prime factors of 1200060.
2, 3, 5, 59, 113
List the prime factors of 323221.
17, 19013
List the prime factors of 7001386.
2, 7, 19, 26321
List the prime factors of 2470105.
5, 11, 97, 463
List the prime factors of 1289415.
3, 5, 67, 1283
List the prime factors of 2747488.
2, 23, 3733
List the prime factors of 2011179.
3, 29, 23117
List the prime factors of 2869385.
5, 41, 13997
List the prime factors of 556915.
5, 31, 3593
List the prime factors of 346012.
2, 23, 3761
What are the prime factors of 532589?
19, 28031
What are the prime factors of 567123?
3, 189041
What are the prime factors of 2090850?
2, 3, 5, 53, 263
List the prime factors of 563130.
2, 3, 5, 6257
What are the prime factors of 852082?
2, 7, 11, 503
What are the prime factors of 294824?
2, 137, 269
What are the prime factors of 12295428?
2, 3, 463, 2213
What are the prime factors of 3452342?
2, 1726171
What are the prime factors of 17077880?
2, 5, 43, 9929
What are the prime factors of 249907?
7, 19, 1879
List the prime factors of 1336869.
3, 89, 1669
List the prime factors of 27263370.
2, 3, 5, 89, 10211
What are the prime factors of 767183?
359, 2137
List the prime factors of 1394471.
13, 67, 1601
List the prime factors of 5061808.
2, 316363
What are the prime factors of 299080?
2, 5, 7477
What are the prime factors of 2044289?
13, 157253
List the prime factors of 421904.
2, 7, 3767
What are the prime factors of 978966?
2, 3, 6043
List the prime factors of 416967.
3, 23, 6043
What are the prime factors of 6393043?
1013, 6311
List the prime factors of 19996620.
2, 3, 5, 7, 47, 1013
What are the prime factors of 3186132?
2, 3, 265511
List the prime factors of 1123488.
2, 3, 47, 83
What are the prime factors of 18214167?
3, 1249, 4861
List the prime factors of 81566.
2, 17, 2399
List the prime factors of 418089.
3, 7, 43, 463
What are the prime factors of 911009?
11, 7529
What are the prime factors of 108904?
2, 13613
List the prime factors of 464646.
2, 3, 7, 13, 23, 37
What are the prime factors of 684212?
2, 171053
List the prime factors of 792941.
792941
What are the prime factors of 219798?
2, 3, 12211
List the prime factors of 105431.
19, 31, 179
What are the prime factors of 172492?
2, 29, 1487
List the prime factors of 994774.
2, 11, 103, 439
List the prime factors of 143972.
2, 35993
List the prime factors of 2066907.
3, 688969
What are the prime factors of 846170?
2, 5, 13, 23, 283
What are the prime factors of 1630437?
3, 137, 3967
List the prime factors of 648921.
3, 7, 13, 2377
List the prime factors of 1369445.
5, 7, 11, 3557
List the prime factors of 1484460.
2, 3, 5, 2749
List the prime factors of 40146.
2, 3, 6691
What are the prime factors of 1602119?
1602119
What are the prime factors of 9845838?
2, 3, 19, 28789
List the prime factors of 672601.
227, 2963
What are the prime factors of 415625?
5, 7, 19
What are the prime factors of 14690439?
3, 19, 85909
List the prime factors of 2577706.
2, 1288853
What are the prime factors of 6600916?
2, 7, 235747
What are the prime factors of 194747?
7, 43, 647
What are the prime factors of 460606?
2, 230303
List the prime factors of 267826.
2, 13, 10301
List the prime factors of 11655920.
2, 5, 367, 397
List the prime factors of 39801.
3, 13267
What are the prime factors of 4036460?
2, 5, 201823
List the prime factors of 8827143.
3, 13, 226337
List the prime factors of 368161.
23, 16007
List the prime factors of 694323.
3, 7, 103, 107
List the prime factors of 14753623.
14753623
What are the prime factors of 1481750?
2, 5, 5927
What are the prime factors of 735080?
2, 5, 17, 23, 47
What are the prime factors of 722592?
2, 3, 13, 193
List the prime factors of 1245430.
2, 5, 124543
List the prime factors of 2828559.
3, 942853
List the prime factors of 4494672.
2, 3, 7, 13
List the prime factors of 70555.
5, 103, 137
List the prime factors of 4446563.
11, 547, 739
What are the prime factors of 15275328?
2, 3, 79559
What are the prime factors of 3601552?
2, 17, 13241
List the prime factors of 157417.
13, 12109
List the prime factors of 15359676.
2, 3, 19, 23, 29, 101
List the prime factors of 325862.
2, 61, 2671
List the prime factors of 61408.
2, 19, 101
List the prime factors of 505794.
2, 3, 84299
What are the prime factors of 6614509?
11, 601319
List the prime factors of 160965.
3, 5, 7, 73
What are the prime factors of 1226040?
2, 3, 5, 17, 601
List the prime factors of 83518.
2, 41759
What are the prime factors of 958044?
2, 3, 29, 2753
What are the prime factors of 723074?
2, 11, 23, 1429
What are the prime factors of 59055?
3, 5, 31, 127
List the prime factors of 783187.
181, 4327
What are the prime factors of 4223994?
2, 3, 37, 53, 359
What are the prime factors of 36446796?
2, 3, 1012411
What are the prime facto